*f**2 + 4*f. Let d(v) = 4*v**3 - 5*v**2 - 25*v - 1. Let x(u) = d(u) + 5*s(u). Determine x(4).
-5
Let p(x) = x**2 - 4*x - 3. Let k(c) = c**3 - 15*c**2 - c + 22. Let g be k(15). Determine p(g).
18
Let c(w) = -9*w - 260. Let k be c(-30). Let s(l) = -l + 18. Determine s(k).
8
Let w(d) = -2*d**2 + 9*d + 10. Let i = 268 + -261. Calculate w(i).
-25
Let v(u) be the third derivative of 0*u**3 - 1/24*u**4 + 0*u + 0 + 2*u**2. Determine v(-1).
1
Let l = -625 + 625. Let o(q) be the third derivative of 2/3*q**3 + 0*q - 1/120*q**6 + l + 9*q**2 + 1/12*q**5 + 5/24*q**4. Determine o(6).
-2
Let g(n) = 19*n**2 - 6*n**2 - 4*n**2 + n**2 + n + 14 - 11*n**2. Determine g(-6).
-28
Let p(b) = 2*b**3 - 9*b**2 - 6*b + 6. Let n be p(5). Let g(i) be the third derivative of 2*i**5/15 - i**4/12 + i**3/6 - 23*i**2. What is g(n)?
7
Suppose 272 = 4*c + 256. Let g(u) = -3*u**2 + u. Let d(j) = -j**2 - j. Let x(w) = 2*d(w) - g(w). What is x(c)?
4
Let c(m) = -4*m**2 - m + 1. Let b be (129/215)/(6/20). Calculate c(b).
-17
Let r(y) = -2*y**2 + 15*y - 5. Let a be r(7). Let m(p) = p - 1. Let q(o) = 3*o**2 + 4*o - 7. Let k(c) = 6*m(c) - q(c). Determine k(a).
-7
Let u(f) = 3*f**3 + 7*f**2 - 3*f + 13. Let c(j) = 4*j**3 + 7*j**2 - 2*j + 14. Let i(s) = -4*c(s) + 5*u(s). Let q be (-986)/153 + 6 - (-116)/18. Determine i(q).
3
Let l(y) = 8*y. Suppose -4 = -p - 2. Suppose -o - 3*d - 10 = 2*d, 0 = -p*d - 6. Suppose -5*t = -4*b - 25, 5*b - 1 = -o*t - 21. What is l(t)?
8
Let o = -18 + 23. Suppose j = -11 + o. Let a(k) = k**2 + 7*k. Calculate a(j).
-6
Let c(q) = 2*q**2 + 59*q - 15. Let r be c(-30). Let b(f) = -f**3 + 14*f**2 + 15*f - 2. Give b(r).
-2
Let u(d) = d**2 + 8*d + 8. Let z(y) = -9*y**2 - 2*y - 1. Let h(w) = 3*w + 2. Let i be h(-1). Let t be z(i). Let q be 3/((-4)/t*-1). Give u(q).
-4
Let w(j) = -j - 1. Let p = 14 - 19. Let g = 12 + p. Let b = g + -5. Give w(b).
-3
Suppose 2*q - 53 = -49. Let r be 3*(-2)/4*q. Let i(o) = o**3 + 2*o**2 - 2. Give i(r).
-11
Let q(i) = -18*i + 28 + 68*i + 13*i. Let u(g) = 7*g + 3. Let y = 60 + -88. Let o(w) = y*u(w) + 3*q(w). Give o(-1).
7
Suppose -646 = 7*k - 16. Let l = k - -92. Let u(z) = 5*z - 1. Give u(l).
9
Let t(b) be the third derivative of 0 + 5/24*b**4 + 1/60*b**5 - 6*b**2 + 0*b - 1/2*b**3. Suppose -5*q + 11 = k - 7, -5*k = -3*q + 50. Determine t(k).
11
Let y(m) = 3*m + 1. Let i(r) be the second derivative of r**3/6 + 2*r**2 - 11*r. Let o be i(-5). Calculate y(o).
-2
Let x be (-45)/3 - (21 + -9). Let a(r) = 4*r + 110. Calculate a(x).
2
Let f(t) be the third derivative of 1/6*t**3 + 0*t + 2*t**2 + 0 - 1/24*t**4 - 1/30*t**5. Give f(1).
-2
Let c = -15 - -14. Let b = -2 + c. Let v be 0 + 0 + (-6)/b. Let t(p) = 2*p**2 - 2*p + 3. Calculate t(v).
7
Let i(l) be the third derivative of -l**4/24 - l**3/6 + 9*l**2. Let s = 0 - 5. Let p(t) = -t**3 - 4*t**2 + 6*t + 4. Let a be p(s). Give i(a).
0
Let w(a) = -a + 1. Let n be (48/(-36))/(1/9). Let x = n + 17. Suppose x*k + g + 17 = 49, 3*g - 30 = -4*k. Determine w(k).
-5
Let d(o) = o**3 + 2*o**2 + 2*o - 2. Let l = -9 + 11. Let s(q) = -q**3 + 3*q - 1. Let f be s(l). Calculate d(f).
-17
Suppose 76*s - 74*s + 3*r = -3, 21 = 3*s - 4*r. Let l(i) = -2*i**2 + 9*i - 7. Calculate l(s).
2
Let h(k) = 2*k**2 - k. Suppose 8*g - 3*g = 30. Suppose i = -2*i + g. Suppose m + 0*m - i = 0. Calculate h(m).
6
Suppose -8 = -0*h + h. Let g be (-20)/(-16) - 6/h. Suppose 0 = g*q - 7 - 1. Let i(j) = 2*j - 4. Calculate i(q).
4
Let w(q) be the first derivative of q**4/4 + q**3 - q**2/2 + 5*q - 39. Let g be (3 - 15/9)*-3. Give w(g).
-7
Suppose 2*r - 2 + 0 = 0. Let b(g) be the first derivative of -g**3/6 + g**2/2 - 2*g + 8. Let h(k) be the first derivative of b(k). Calculate h(r).
0
Let u(f) = -f**2 + f - 1. Let o(v) = -6*v**2 - 6*v + 3. Let q(t) = -o(t) + 5*u(t). Give q(-11).
-8
Let j(m) = -m**3 + 3*m**2 + 6*m - 1. Let b = -26 + 30. Suppose -n - 3 = 0, -h - b*n + 10 = -6*n. What is j(h)?
7
Let j(z) = -3*z**3 - z**2. Let t be j(-1). Let f(p) = -5*p**t - 2*p - p**3 + 7 + 0*p**2 - 8 - 1. Let b(n) = -5*n**3 + n**2 - 1. Let x be b(1). What is f(x)?
8
Let d(i) = i**3 + 5*i**2 - 5*i + 1. Suppose 0 = -58*a + 56*a - 8. Calculate d(a).
37
Let a = -20 - -29. Let j(s) = s - 7. Let o be j(a). Let h be 24/(-18) + o/6. Let f(w) = -4*w. Calculate f(h).
4
Let m(d) = -d - 4. Suppose 0 = 3*c - 0*c - 39. Suppose 3*v + c - 4 = 0. Give m(v).
-1
Let o(c) be the third derivative of c**7/280 - c**6/120 + c**4/24 - 13*c**3/6 + 3*c**2. Let i(a) be the first derivative of o(a). Determine i(2).
13
Let j be -6*4*50/120. Let m(h) = h**2 + 11*h + 9. Determine m(j).
-1
Let o(b) be the first derivative of b**2 + 6*b + 5. Let a(s) = 4*s + 13. Let t(y) = 6*a(y) - 13*o(y). Determine t(-6).
12
Let p(d) = 6*d - 11*d + 3*d - d - 12. Give p(-11).
21
Suppose 31*h = 5*h + 208. Let z(m) = -m**3 + 9*m**2 - 9*m + 1. Determine z(h).
-7
Let w(l) be the first derivative of l**5/60 + l**4/6 + 31*l**3/3 + 33. Let j(f) be the third derivative of w(f). Determine j(-5).
-6
Suppose -g = -5*d + 28, 26 = -d + 4*d + 4*g. Let t(j) = d*j - 15*j + j + 4*j. What is t(-1)?
4
Suppose -o = -9 + 6. Let a(u) be the first derivative of -u**2 + 4*u - 23. What is a(o)?
-2
Suppose 0*d - d = 0. Suppose r - b - 3 = 6, d = r + 2*b + 6. Suppose -4*s - 2*m = -22, -r*m + 11 + 9 = 0. Let i(z) = -4*z. Give i(s).
-12
Let y(n) = n**2 - 8*n. Let t = -118 + 135. Suppose t*g = 174 - 55. Calculate y(g).
-7
Let a(n) be the third derivative of n**6/120 - n**5/10 - n**4/3 - 2*n**3/3 - 27*n**2 - 2. Give a(7).
-11
Let d(g) = 25*g + 9. Let f(o) = -12*o - 4. Let c(t) = t**2 - t - 5. Let b be c(4). Let i(j) = b*f(j) + 3*d(j). What is i(1)?
-10
Let r(c) be the first derivative of c**2 + 9*c + 85. Give r(5).
19
Let p(h) be the first derivative of -1/6*h**3 - 3/2*h**2 - 5 - 3*h. Let r(j) be the first derivative of p(j). Determine r(-4).
1
Let o = 1106 - 1103. Let c(j) = 6*j + 1 - 5 + 0*j. Give c(o).
14
Let v(r) = 9*r - 11. Let n(i) = -i + 5. Let w(q) = 5. Let o(u) = 4*n(u) - 3*w(u). Let g(x) = -7*o(x) - 3*v(x). Let s be 1/(5/4)*1335/178. What is g(s)?
4
Let f be (-16)/24*(42/4)/7. Let n(y) = 9*y**2 - 2*y - 2. Let q be n(f). Let s(p) = p**3 - 9*p**2 - 6. Give s(q).
-6
Let u(f) be the second derivative of -f**3/6 + 3*f**2 - 194*f. Suppose 5*b = b + 16. Suppose 0 = 5*k + 2*r - 34 - 9, -b*k + 33 = 3*r. Give u(k).
-3
Suppose -3*q = u - 2, 3*u - q + 2*q - 46 = 0. Let d(w) = -4*w + w + u - 23 - w**3 + 2*w - 5*w**2. Calculate d(-5).
-1
Suppose v - 3*w = -72, 5*v + 57 + 248 = 4*w. Let b = v - -57. Let d(n) = n**3 + n**2 + 2. Determine d(b).
2
Let j(w) be the second derivative of -2/3*w**3 + 0 + 2*w**2 - 9*w + 1/12*w**4. Give j(4).
4
Let b(a) = -a**3 - 8*a**2 + 10*a + 10. Let d(t) = -t**2 + t - 1. Let w(o) = b(o) - d(o). Let m(k) = -k + 1. Let h be m(9). Determine w(h).
3
Let y(l) = -l**2 + 2*l - 9. Let q(d) = -1. Let o(r) = 6*q(r) - y(r). Suppose -4*s = 4*u + 16, -4*u - 3*s - 11 = -4*s. Give o(u).
18
Let v(m) = 12*m - 6*m - m + 1 - 6*m. Let y(a) = -a + 8. Let o be y(0). Suppose 0 = 5*d - d - o. Determine v(d).
-1
Let y(x) = -2*x**2 + 14*x + 22. Let m be y(9). Let o(d) = d**2 + 12*d - 22. What is o(m)?
6
Let d(y) be the second derivative of y**4/12 + 4*y**3/3 + 13*y**2/2 + 634*y. What is d(-2)?
1
Let t(p) be the third derivative of 13*p**2 + 1/24*p**4 - 1/6*p**3 + 0*p + 0. Determine t(7).
6
Let l(z) = -5*z**3 + z**2 - 2*z + 1. Let g(w) = 2*w + 2. Let a be g(2). Suppose -4*i + 31 = -5*d, -i + d + a = -1. Let b be i - 6 - 3/(-1). Give l(b).
-5
Let t = -23 - -43. Suppose 0*m = -5*m + t. Let c(i) = 2*i - 1. What is c(m)?
7
Let y(s) = 5*s**3 + 9*s**2 - 23*s + 29. Let j(b) = 2*b**3 + 3*b**2 - 8*b + 10. Let k(c) = -8*j(c) + 3*y(c). Calculate k(3).
-8
Let g(v) = v**2 + 5*v + 1. Let n(t) = 2*t**2 + 8*t. Let x(f) = -5*g(f) + 2*n(f). What is x(-7)?
9
Suppose 5*b - 4*q - 3 = 13, -q = -5*b + 19. Let o(g) = g**2 - g + 3. Determine o(b).
15
Suppose 70*v = 75*v - 10. Let z(m) = -2*m**3 - 2. What is z(v)?
-18
Suppose 19*z = -39 - 56. Let x(l) = -l**2 - 5*l - 5. Determine x(z).
-5
Let r be ((-3)/(-15))/((-2)/(-30)). Suppose 21 = -6*i + 4*i + r*c, -4*i = -c + 17. Let n(m) = m**2 + 3*m + 1. Determine n(i).
1
Let r = 321 - 327. Let s(b) = 2*b + 3. Let z(m) = -6*m - 9. Let v(y) = -11*s(y) - 4*z(y). What is v(r)?
-9
Let a(g) = -g**2 - 7*g + 6. Let z be (-5)/2*576/180.